3*c - 43. Let a = 22 - c. List the prime factors of j(a).
199
Let a(p) = 4 + 11*p - 4 + 24 + 20. Let t be a(-4). Suppose -6*o + 220 - 70 = t. What are the prime factors of o?
5
Suppose 0 = 5*b + 58 - 343. Let g = b - 52. Suppose -g*j = -8*j + 258. What are the prime factors of j?
2, 43
Let f = 356 + -345. Suppose 6*s + 2653 = 4*q + f*s, 0 = -q + 3*s + 676. List the prime factors of q.
23, 29
Let h = -407 - -411. What are the prime factors of 89 + 9 + (h - 1)?
101
Let n = 711 + -2765. Let o = -1183 - n. List the prime factors of o.
13, 67
What are the prime factors of (5046 - 0)*((-595)/21 - -33)?
2, 7, 29
Let h(j) = -3*j - 2. Let m be h(-2). Suppose v = m*i + 3 - 87, 0 = -4*v + 16. What are the prime factors of (-3)/66*4 + 2820/i?
2
Suppose -34 = 2*w - 2*p, w - 4*p + 2 = -6*p. Let u be 3/36*-2 + (-2)/w. Suppose -2*r + u - 9 = -3*q, -3*q - r = -9. List the prime factors of q.
3
Let g(u) be the third derivative of 2*u**5/15 + u**4/2 - 65*u**3/6 + 101*u**2. List the prime factors of g(-12).
23, 41
Suppose -j + 51909 = 3*i, -3*i + 28*j = 32*j - 51927. List the prime factors of i.
3, 73, 79
Suppose -19*p - 35340 + 146262 = 0. What are the prime factors of p?
2, 3, 7, 139
Let f = -18298 + 39500. What are the prime factors of f?
2, 10601
Let d = 900 - 608. Suppose -2*y + 122 + d = 0. List the prime factors of y.
3, 23
Suppose 21*d - 20*d = 3, 0 = -4*h + 5*d + 27405. What are the prime factors of h?
3, 5, 457
Let x(j) = 1250*j - 358. What are the prime factors of x(10)?
2, 13, 467
Let o(y) = -5*y**2 - 28*y + 13. Let h be o(-6). List the prime factors of (-24693)/(-24) + h/8*1.
3, 7
Let t be (-8)/52 + 328/104. Suppose -3*a + 2004 = -3*r, 4*a - 661 = t*a - 6*r. What are the prime factors of a?
23, 29
Suppose 5*a + 3*u - 57463 = 0, -13273 = -a + u - 1774. List the prime factors of a.
5, 11, 19
Let f(i) = 8 + 27*i - 33*i - 2*i**2 - 12. Let n be f(-3). What are the prime factors of (-1 - (-500)/8) + (-6)/n?
3, 7
Suppose 6 = -7*f - 15. Let n(t) = -25*t**3 - 2*t**2 - 8*t - 5. Let m be n(f). Suppose 0 = -3*q + c + 656, 0 = -3*q + 3*c + 2*c + m. List the prime factors of q.
7, 31
Suppose -2*r - 2*f - 1545 - 1561 = 0, 0 = -2*r + 4*f - 3094. Let s = 2222 + r. List the prime factors of s.
11, 61
Suppose 30 = 5*b + 15. Let k be 300 - -2 - (3 - 5). Suppose b*u - 82 = -2*d + 74, -4*d - 2*u + k = 0. List the prime factors of d.
3, 5
Let n = -15 + -9. Let t = n + 60. What are the prime factors of ((-280)/(-42))/(2/t)?
2, 3, 5
Suppose -186 = -8*h + 70. Suppose 40*w = h*w + 1168. List the prime factors of w.
2, 73
Let k(y) = 9015*y - 3563. List the prime factors of k(4).
32497
Suppose 87221 - 14799 = 2*l + 2*n, 0 = -2*l - n + 72415. List the prime factors of l.
2, 3, 7, 431
Let v(w) = -3049*w + 130. What are the prime factors of v(-11)?
3, 29, 43
Suppose u - 5*v - 52 = -2*u, -4*u - 4*v = -16. Let o be 20/u - 2/9. Suppose -o*d = k - 97, 2*d + 0*d = 4*k - 388. List the prime factors of k.
97
Suppose 4*v + 1 = 4*s - 15, -2*s = 2*v. Let u = -46 - -48. Suppose 0 = u*q - 5*j + 11, -j + 7 = -q + s*j. List the prime factors of q.
2
Let f(d) = d**2 - 14*d + 23. Let h be f(4). Let j = -142 + h. Let a = 26 - j. List the prime factors of a.
5, 37
Suppose -6*c - 4*c + 50 = 0. Suppose 3*s + c*b = 94, -9 = -2*b - 17. What are the prime factors of s?
2, 19
Let r(w) = 6*w**2 - 35*w - 30. What are the prime factors of r(34)?
2, 1429
Suppose -192 = -26*a + 87*a - 37*a. Suppose u = 2*u + 2. What are the prime factors of 21 - (-7 + a/u)?
2, 3
Suppose -4*m + 176 = -124. Let o(c) = -12*c**2 - 9*c + 15. Let w be o(2). Let b = m + w. What are the prime factors of b?
2, 3
Suppose -5*u + 3*m + 331032 = 0, -3*u + 2*m + 148208 = -50411. List the prime factors of u.
3, 29, 761
Let i = 22 - 25. Let m be (3 - 627/(-9))/(2/i). Let q = 181 + m. What are the prime factors of q?
2, 3
Let p(l) be the second derivative of -l**3/3 - l**2/2 - l. Let k = 799 + -804. List the prime factors of p(k).
3
Suppose 720*h - 365*h = 330*h + 600. What are the prime factors of h?
2, 3
Let q(u) = 2*u**2 + 48*u + 23. Let p(o) = -3*o - 9. Let g be p(5). What are the prime factors of q(g)?
23
Suppose 0 = 76*y - 63*y - 26. Suppose -4*h = y*h - 438. What are the prime factors of h?
73
Suppose -6 = 3*s, -3*s + 31 = 4*d + 109. Let m(x) = 5*x**3 - 6*x**3 - 6*x**2 + 12 - 12*x**2. What are the prime factors of m(d)?
2, 3
Let o(z) = 39*z**3 - 16*z**2 - 47*z + 65. What are the prime factors of o(10)?
5, 7, 151
Suppose -r - 4*r = 5*v - 6115, -v = -r + 1217. Let o = r + -789. Let n = o + -259. List the prime factors of n.
2, 43
Let h(k) = -116*k**3 - 38*k**3 + 5*k - 2 - 3*k + 3. Let c be h(-1). Suppose -2*v + c = -17. What are the prime factors of v?
5, 17
Suppose 0 = 2*q - 35827 + 11181. List the prime factors of q.
12323
Suppose 113*g - 4*m + 28326 = 114*g, -2*m = -g + 28362. List the prime factors of g.
2, 3, 5, 7
Let g(j) = 25*j - 2*j**2 - 18 - 2*j - j. Suppose 0 = -5*t - 5, 5*n - 3*t - 320 + 272 = 0. What are the prime factors of g(n)?
2, 3
Suppose 0 = -1632*i + 1626*i + 70542. What are the prime factors of i?
3, 3919
Let k(i) = -3*i**3 - 51*i**2 - 65*i + 16. What are the prime factors of k(-20)?
2, 1229
Suppose 0 = -4*m - 4, -5*m - 52 - 33 = -5*d. Let s be 24/(-7)*(3 - 104/d). What are the prime factors of ((s/(-5))/2)/((-102)/765)?
3
What are the prime factors of (66/77)/((-1566862)/174097 + 9)?
2, 3, 7, 17, 19
Let l(g) = -5*g**2 + 4*g + 14. Let o be l(5). Let y = 27 + o. Let i = y + 192. What are the prime factors of i?
2
Suppose -17*p + 20*p - 27277 = v, p = 3*v + 9103. List the prime factors of p.
9091
Suppose 3*b = r + 12, -2*b + 4*r = -7 - 1. Suppose -b*g - 2*k - 1952 = -8*g, g - 494 = 2*k. List the prime factors of g.
2, 3
Let y(n) = -4*n**3 - 29*n**2 + 13*n + 179. Let o(w) = -3*w**3 - 28*w**2 + 12*w + 178. Let k(h) = -3*o(h) + 2*y(h). List the prime factors of k(-25).
3, 233
Let y = -3198 - -5854. List the prime factors of y.
2, 83
Let v = 1447 - -1582. List the prime factors of v.
13, 233
Suppose -3*o = -8*o + 4*x + 1, -o - x = 7. What are the prime factors of (1983*(-6)/27)/(2/o)?
661
Suppose -1159620 = -316*v + 286*v. List the prime factors of v.
2, 7, 11, 251
Suppose c = -3*n - 27, 0*c + c - 8 = 4*n. Let p = c + 14. Suppose p*u - 105 = 3. What are the prime factors of u?
2, 3
Suppose f + 7969 = -3728. List the prime factors of (-13)/(-52) + f/(-12).
3, 5, 13
Suppose q = 1, 2*s + 0*s = -5*q + 13853. List the prime factors of s.
2, 3, 577
Let f = 1177 + -574. Suppose 3*q + 2*q + 2*w - 744 = 0, -4*q = -w - f. Let z = -105 + q. List the prime factors of z.
3, 5
Suppose 4*x = -s + 18, 0*x - 2 = s - x. Suppose 2*a = -s*y + 1572, 3*y - 399 = -5*a + 1957. List the prime factors of y.
787
Let d(h) = 48*h**2 + 4*h - 86. List the prime factors of d(-13).
2, 3, 443
Let m(z) = z**3 + z**2 + 12*z - 2. Let g = 109 - 104. What are the prime factors of m(g)?
2, 13
Suppose 0 = -4*d - l - 92, -22 = -5*l - 2. List the prime factors of 6/d + (-597)/(-4).
149
Suppose -27 = -8*q - 11. Suppose 0 = 4*n - 8*v + 4*v + 4, -5*n + q*v = 11. What are the prime factors of (-1)/((-1756)/584 - n)?
2, 73
Suppose 45*b - 46*b = -25. Suppose -4146 = -b*p + 6779. What are the prime factors of p?
19, 23
Suppose -2*o = -3*w + 14, -4*w + 10 = -5*o - 4. Let t be (279/w)/(-2*4/(-32)). Let g = t + -107. List the prime factors of g.
79
Let l(c) = 3*c**2 + 4*c + 9. Let m be l(0). List the prime factors of (699/m)/(7/63).
3, 233
Let a = 871 + 531. Suppose 0 = -2*t - 4*r + a, -1289 = -4*t + 5*r + 1567. What are the prime factors of t?
709
Let m(h) = 2*h**3 - 4*h**2 + 8*h + 5. Let i(l) = 3*l**3 - 3*l**2 + 7*l + 5. Let v(p) = -5*i(p) + 4*m(p). What are the prime factors of v(-2)?
53
Suppose 1668600 = -182*f + 257*f. List the prime factors of f.
2, 3, 103
Let b = -23875 + 58569. List the prime factors of b.
2, 11, 19, 83
Suppose 21*u - 2*u - 100062 = -8*u. What are the prime factors of u?
2, 17, 109
Let l = -474 - -476. Suppose -37*j - l*j + 28509 = 0. What are the prime factors of j?
17, 43
Suppose -h - 3*l + 4538 = 0, -3*h - 2*l + 797 = -12866. List the prime factors of h.
47, 97
Let k(w) = -38*w**3 + 6*w**2 + 19*w + 3. Let c = -340 - -338. What are the prime factors of k(c)?
293
Suppose -250*j + 209*j = -1855906. List the prime factors of j.
2, 13, 1741
Let i(t)